{"id":1993,"date":"2022-11-26T18:27:37","date_gmt":"2022-11-26T16:27:37","guid":{"rendered":"https:\/\/aislayahorra.es\/tienda\/?post_type=product&#038;p=1993"},"modified":"2025-10-10T12:28:06","modified_gmt":"2025-10-10T10:28:06","slug":"geopannel-plus-fr-2","status":"publish","type":"product","link":"https:\/\/aislayahorra.es\/tienda\/shop\/geopannel-plus-fr-2\/","title":{"rendered":"Geopannel Plus FR 2 (9 m2)"},"content":{"rendered":"\t\t<div data-elementor-type=\"product-post\" data-elementor-id=\"1993\" class=\"elementor elementor-1993\" data-elementor-post-type=\"product\">\n\t\t\t\t\t\t<section class=\"elementor-section elementor-top-section elementor-element elementor-element-9df5706 elementor-section-boxed elementor-section-height-default elementor-section-height-default\" data-id=\"9df5706\" data-element_type=\"section\" data-e-type=\"section\">\n\t\t\t\t\t\t<div class=\"elementor-container elementor-column-gap-default\">\n\t\t\t\t\t<div class=\"elementor-column elementor-col-100 elementor-top-column elementor-element elementor-element-e1dcfe6\" data-id=\"e1dcfe6\" data-element_type=\"column\" data-e-type=\"column\">\n\t\t\t<div class=\"elementor-widget-wrap elementor-element-populated\">\n\t\t\t\t\t\t<div class=\"elementor-element elementor-element-a7ecbbd elementor-widget elementor-widget-text-editor\" data-id=\"a7ecbbd\" data-element_type=\"widget\" data-e-type=\"widget\" data-widget_type=\"text-editor.default\">\n\t\t\t\t<div class=\"elementor-widget-container\">\n\t\t\t\t\t\t\t\t\t<p>\u00a0<\/p><h2><strong>Zonas de aplicaci\u00f3n:<\/strong><\/h2><p>El Geopannel Plus FR2 se coloca en falsos techos o en trasdosados entre rastreles, bajo cubierta, en medianeras\u00a0 entre viviendas, y vale para PYL tabiquer\u00eda seca con estructura autoportante met\u00e1lica como para tabiquer\u00eda tradicional. Se puede colocar como trasdosado interior en las fachadas o incluso relleno de c\u00e1maras en fachadas en obra nueva, si las fachadas son convencionales de doble hoja cer\u00e1mica. Tambi\u00e9n se puede colocar sobre falsos techos para conseguir un aislamiento ac\u00fastico con un material que a la vez tiene propiedades ign\u00edfugas.<\/p>\t\t\t\t\t\t\t\t<\/div>\n\t\t\t\t<\/div>\n\t\t\t\t\t<\/div>\n\t\t<\/div>\n\t\t\t\t\t<\/div>\n\t\t<\/section>\n\t\t\t\t<section class=\"elementor-section elementor-top-section elementor-element elementor-element-d68bc01 elementor-section-boxed elementor-section-height-default elementor-section-height-default\" data-id=\"d68bc01\" data-element_type=\"section\" data-e-type=\"section\">\n\t\t\t\t\t\t<div class=\"elementor-container elementor-column-gap-default\">\n\t\t\t\t\t<div class=\"elementor-column elementor-col-100 elementor-top-column elementor-element elementor-element-e2432e9\" data-id=\"e2432e9\" data-element_type=\"column\" data-e-type=\"column\">\n\t\t\t<div class=\"elementor-widget-wrap elementor-element-populated\">\n\t\t\t\t\t\t<div class=\"elementor-element elementor-element-508d243 elementor-widget elementor-widget-text-editor\" data-id=\"508d243\" data-element_type=\"widget\" data-e-type=\"widget\" data-widget_type=\"text-editor.default\">\n\t\t\t\t<div class=\"elementor-widget-container\">\n\t\t\t\t\t\t\t\t\t<h2><strong>Ventajas del material:<\/strong>\u00a0<\/h2><ul class=\"no-bullet aos-init aos-animate\" data-aos=\"fade-up\" data-aos-delay=\"600\"><li>Se trata de un aislante ecol\u00f3gico, es 100% reciclable, sostenible gracias a su baja huella de C02.<\/li><li>Contiene un 80% de material reciclado.<\/li><li>Tiene una Etiqueta ECO tipo III<\/li><li>Tiene una elevada resistencia a la tracci\u00f3n y el desgarro.<\/li><li>Libre de fibras minerales, no irrita la piel.<\/li><li>Propiedades excelentes ac\u00fastica en todas las soluciones constructivas.<\/li><li>Propiedades t\u00e9rmicas extraordinarias.<\/li><li>Durabilidad, la misma que la del edificio en la que se instale.<\/li><\/ul>\t\t\t\t\t\t\t\t<\/div>\n\t\t\t\t<\/div>\n\t\t\t\t\t<\/div>\n\t\t<\/div>\n\t\t\t\t\t<\/div>\n\t\t<\/section>\n\t\t\t\t<section class=\"elementor-section elementor-top-section elementor-element elementor-element-5021831 elementor-section-boxed elementor-section-height-default elementor-section-height-default\" data-id=\"5021831\" data-element_type=\"section\" data-e-type=\"section\">\n\t\t\t\t\t\t<div class=\"elementor-container elementor-column-gap-default\">\n\t\t\t\t\t<div class=\"elementor-column elementor-col-100 elementor-top-column elementor-element elementor-element-7831354\" data-id=\"7831354\" data-element_type=\"column\" data-e-type=\"column\">\n\t\t\t<div class=\"elementor-widget-wrap elementor-element-populated\">\n\t\t\t\t\t\t<div class=\"elementor-element elementor-element-d473dd3 elementor-widget elementor-widget-text-editor\" data-id=\"d473dd3\" data-element_type=\"widget\" data-e-type=\"widget\" data-widget_type=\"text-editor.default\">\n\t\t\t\t<div class=\"elementor-widget-container\">\n\t\t\t\t\t\t\t\t\t<h2><strong><span class=\"text-green\">Caracter\u00edsticas T\u00e9cnicas<\/span><\/strong><\/h2><ul class=\"no-bullet aos-init aos-animate\" data-aos=\"fade-up\" data-aos-delay=\"750\"><li><span class=\"text-green\">Densidad del material:<\/span>\u00a045 Kg\/m3<\/li><li><span class=\"text-green\">Reacci\u00f3n al fuego:\u00a0<\/span>Bs1d0 \/ Cs1d0<\/li><li><span class=\"text-green\">Color del material :<\/span>\u00a0Amarillo<\/li><li><span class=\"text-green\">Espesores est\u00e1ndar:\u00a0<\/span>\u00a0Inmediatamente Disponible 40 mm, otros espesores bajo pedido<\/li><li><span class=\"text-green\">Formatos:\u00a0<\/span>Planchas de 1250&#215;600 mm<\/li><li><span class=\"text-green\">Presentaci\u00f3n:<\/span>\u00a0En bolsas de polietileno agrupadas\u00a0<\/li><li>Conductividad t\u00e9rmica: Lambda = 0,032 W\/mk.<\/li><\/ul>\t\t\t\t\t\t\t\t<\/div>\n\t\t\t\t<\/div>\n\t\t\t\t\t<\/div>\n\t\t<\/div>\n\t\t\t\t\t<\/div>\n\t\t<\/section>\n\t\t\t\t<\/div>\n\t\t","protected":false},"excerpt":{"rendered":"<p>Zonas de aplicaci\u00f3n: El Geopannel Plus FR2 se coloca en falsos techos o en trasdosados entre rastreles, bajo cubierta, en medianeras\u00a0 entre viviendas, y vale para PYL tabiquer\u00eda seca con estructura autoportante met\u00e1lica como para tabiquer\u00eda tradicional. Se puede colocar como trasdosado interior en las fachadas o incluso relleno de c\u00e1maras en fachadas en obra [&hellip;]<\/p>\n","protected":false},"featured_media":2002,"comment_status":"open","ping_status":"closed","template":"","meta":[],"product_brand":[],"product_cat":[19],"product_tag":[78,77,76],"class_list":{"0":"post-1993","1":"product","2":"type-product","3":"status-publish","4":"has-post-thumbnail","6":"product_cat-materiales","7":"product_tag-aislamiento-acustico","8":"product_tag-geopannel","9":"product_tag-panel-de-aislamiento-de-algodon","10":"product_shipping_class-producto-tipo-6","12":"first","13":"instock","14":"shipping-taxable","15":"purchasable","16":"product-type-simple"},"yoast_head":"<!-- This site is optimized with the Yoast SEO plugin v26.8 - https:\/\/yoast.com\/product\/yoast-seo-wordpress\/ -->\n<title>Geopannel Plus FR 2 (9 m2) - ideal para el aislamiento ac\u00fastico<\/title>\n<meta name=\"description\" content=\"El panel Geopannel Plus FR 2 es idoneo para servir como relleno de aislamiento ac\u00fastico en nuestras soluciones ac\u00fasticas en medianeras y falsos techos\" \/>\n<meta name=\"robots\" content=\"index, follow, max-snippet:-1, max-image-preview:large, max-video-preview:-1\" \/>\n<link rel=\"canonical\" href=\"https:\/\/aislayahorra.es\/tienda\/shop\/geopannel-plus-fr-2\/\" \/>\n<meta property=\"og:locale\" content=\"es_ES\" \/>\n<meta property=\"og:type\" content=\"article\" \/>\n<meta property=\"og:title\" content=\"Geopannel Plus FR 2 (9 m2) - ideal para el aislamiento ac\u00fastico\" \/>\n<meta property=\"og:description\" content=\"El panel Geopannel Plus FR 2 es idoneo para servir como relleno de aislamiento ac\u00fastico en nuestras soluciones ac\u00fasticas en medianeras y falsos techos\" \/>\n<meta property=\"og:url\" content=\"https:\/\/aislayahorra.es\/tienda\/shop\/geopannel-plus-fr-2\/\" \/>\n<meta property=\"article:modified_time\" content=\"2025-10-10T10:28:06+00:00\" \/>\n<meta property=\"og:image\" content=\"https:\/\/aislayahorra.es\/tienda\/wp-content\/uploads\/2021\/01\/PLUS_FR2_Rev-520x347-1.jpg\" \/>\n\t<meta property=\"og:image:width\" content=\"520\" \/>\n\t<meta property=\"og:image:height\" content=\"347\" \/>\n\t<meta property=\"og:image:type\" content=\"image\/jpeg\" \/>\n<meta name=\"twitter:card\" content=\"summary_large_image\" \/>\n<meta name=\"twitter:label1\" content=\"Tiempo de lectura\" \/>\n\t<meta name=\"twitter:data1\" content=\"1 minuto\" \/>\n<script type=\"application\/ld+json\" class=\"yoast-schema-graph\">{\"@context\":\"https:\/\/schema.org\",\"@graph\":[{\"@type\":\"WebPage\",\"@id\":\"https:\/\/aislayahorra.es\/tienda\/shop\/geopannel-plus-fr-2\/\",\"url\":\"https:\/\/aislayahorra.es\/tienda\/shop\/geopannel-plus-fr-2\/\",\"name\":\"Geopannel Plus FR 2 (9 m2) - ideal para el aislamiento ac\u00fastico\",\"isPartOf\":{\"@id\":\"https:\/\/aislayahorra.es\/tienda\/#website\"},\"primaryImageOfPage\":{\"@id\":\"https:\/\/aislayahorra.es\/tienda\/shop\/geopannel-plus-fr-2\/#primaryimage\"},\"image\":{\"@id\":\"https:\/\/aislayahorra.es\/tienda\/shop\/geopannel-plus-fr-2\/#primaryimage\"},\"thumbnailUrl\":\"https:\/\/aislayahorra.es\/tienda\/wp-content\/uploads\/2021\/01\/PLUS_FR2_Rev-520x347-1.jpg\",\"datePublished\":\"2022-11-26T16:27:37+00:00\",\"dateModified\":\"2025-10-10T10:28:06+00:00\",\"description\":\"El panel Geopannel Plus FR 2 es idoneo para servir como relleno de aislamiento ac\u00fastico en nuestras soluciones ac\u00fasticas en medianeras y falsos techos\",\"breadcrumb\":{\"@id\":\"https:\/\/aislayahorra.es\/tienda\/shop\/geopannel-plus-fr-2\/#breadcrumb\"},\"inLanguage\":\"es\",\"potentialAction\":[{\"@type\":\"ReadAction\",\"target\":[\"https:\/\/aislayahorra.es\/tienda\/shop\/geopannel-plus-fr-2\/\"]}]},{\"@type\":\"ImageObject\",\"inLanguage\":\"es\",\"@id\":\"https:\/\/aislayahorra.es\/tienda\/shop\/geopannel-plus-fr-2\/#primaryimage\",\"url\":\"https:\/\/aislayahorra.es\/tienda\/wp-content\/uploads\/2021\/01\/PLUS_FR2_Rev-520x347-1.jpg\",\"contentUrl\":\"https:\/\/aislayahorra.es\/tienda\/wp-content\/uploads\/2021\/01\/PLUS_FR2_Rev-520x347-1.jpg\",\"width\":520,\"height\":347,\"caption\":\"GEOPANNEL PLUS FR2\"},{\"@type\":\"BreadcrumbList\",\"@id\":\"https:\/\/aislayahorra.es\/tienda\/shop\/geopannel-plus-fr-2\/#breadcrumb\",\"itemListElement\":[{\"@type\":\"ListItem\",\"position\":1,\"name\":\"Portada\",\"item\":\"https:\/\/aislayahorra.es\/tienda\/\"},{\"@type\":\"ListItem\",\"position\":2,\"name\":\"Shop\",\"item\":\"https:\/\/aislayahorra.es\/tienda\/\"},{\"@type\":\"ListItem\",\"position\":3,\"name\":\"Geopannel Plus FR 2 (9 m2)\"}]},{\"@type\":\"WebSite\",\"@id\":\"https:\/\/aislayahorra.es\/tienda\/#website\",\"url\":\"https:\/\/aislayahorra.es\/tienda\/\",\"name\":\"\",\"description\":\"\",\"potentialAction\":[{\"@type\":\"SearchAction\",\"target\":{\"@type\":\"EntryPoint\",\"urlTemplate\":\"https:\/\/aislayahorra.es\/tienda\/?s={search_term_string}\"},\"query-input\":{\"@type\":\"PropertyValueSpecification\",\"valueRequired\":true,\"valueName\":\"search_term_string\"}}],\"inLanguage\":\"es\"}]}<\/script>\n<!-- \/ Yoast SEO plugin. -->","yoast_head_json":{"title":"Geopannel Plus FR 2 (9 m2) - ideal para el aislamiento ac\u00fastico","description":"El panel Geopannel Plus FR 2 es idoneo para servir como relleno de aislamiento ac\u00fastico en nuestras soluciones ac\u00fasticas en medianeras y falsos techos","robots":{"index":"index","follow":"follow","max-snippet":"max-snippet:-1","max-image-preview":"max-image-preview:large","max-video-preview":"max-video-preview:-1"},"canonical":"https:\/\/aislayahorra.es\/tienda\/shop\/geopannel-plus-fr-2\/","og_locale":"es_ES","og_type":"article","og_title":"Geopannel Plus FR 2 (9 m2) - ideal para el aislamiento ac\u00fastico","og_description":"El panel Geopannel Plus FR 2 es idoneo para servir como relleno de aislamiento ac\u00fastico en nuestras soluciones ac\u00fasticas en medianeras y falsos techos","og_url":"https:\/\/aislayahorra.es\/tienda\/shop\/geopannel-plus-fr-2\/","article_modified_time":"2025-10-10T10:28:06+00:00","og_image":[{"width":520,"height":347,"url":"https:\/\/aislayahorra.es\/tienda\/wp-content\/uploads\/2021\/01\/PLUS_FR2_Rev-520x347-1.jpg","type":"image\/jpeg"}],"twitter_card":"summary_large_image","twitter_misc":{"Tiempo de lectura":"1 minuto"},"schema":{"@context":"https:\/\/schema.org","@graph":[{"@type":"WebPage","@id":"https:\/\/aislayahorra.es\/tienda\/shop\/geopannel-plus-fr-2\/","url":"https:\/\/aislayahorra.es\/tienda\/shop\/geopannel-plus-fr-2\/","name":"Geopannel Plus FR 2 (9 m2) - ideal para el aislamiento ac\u00fastico","isPartOf":{"@id":"https:\/\/aislayahorra.es\/tienda\/#website"},"primaryImageOfPage":{"@id":"https:\/\/aislayahorra.es\/tienda\/shop\/geopannel-plus-fr-2\/#primaryimage"},"image":{"@id":"https:\/\/aislayahorra.es\/tienda\/shop\/geopannel-plus-fr-2\/#primaryimage"},"thumbnailUrl":"https:\/\/aislayahorra.es\/tienda\/wp-content\/uploads\/2021\/01\/PLUS_FR2_Rev-520x347-1.jpg","datePublished":"2022-11-26T16:27:37+00:00","dateModified":"2025-10-10T10:28:06+00:00","description":"El panel Geopannel Plus FR 2 es idoneo para servir como relleno de aislamiento ac\u00fastico en nuestras soluciones ac\u00fasticas en medianeras y falsos techos","breadcrumb":{"@id":"https:\/\/aislayahorra.es\/tienda\/shop\/geopannel-plus-fr-2\/#breadcrumb"},"inLanguage":"es","potentialAction":[{"@type":"ReadAction","target":["https:\/\/aislayahorra.es\/tienda\/shop\/geopannel-plus-fr-2\/"]}]},{"@type":"ImageObject","inLanguage":"es","@id":"https:\/\/aislayahorra.es\/tienda\/shop\/geopannel-plus-fr-2\/#primaryimage","url":"https:\/\/aislayahorra.es\/tienda\/wp-content\/uploads\/2021\/01\/PLUS_FR2_Rev-520x347-1.jpg","contentUrl":"https:\/\/aislayahorra.es\/tienda\/wp-content\/uploads\/2021\/01\/PLUS_FR2_Rev-520x347-1.jpg","width":520,"height":347,"caption":"GEOPANNEL PLUS FR2"},{"@type":"BreadcrumbList","@id":"https:\/\/aislayahorra.es\/tienda\/shop\/geopannel-plus-fr-2\/#breadcrumb","itemListElement":[{"@type":"ListItem","position":1,"name":"Portada","item":"https:\/\/aislayahorra.es\/tienda\/"},{"@type":"ListItem","position":2,"name":"Shop","item":"https:\/\/aislayahorra.es\/tienda\/"},{"@type":"ListItem","position":3,"name":"Geopannel Plus FR 2 (9 m2)"}]},{"@type":"WebSite","@id":"https:\/\/aislayahorra.es\/tienda\/#website","url":"https:\/\/aislayahorra.es\/tienda\/","name":"","description":"","potentialAction":[{"@type":"SearchAction","target":{"@type":"EntryPoint","urlTemplate":"https:\/\/aislayahorra.es\/tienda\/?s={search_term_string}"},"query-input":{"@type":"PropertyValueSpecification","valueRequired":true,"valueName":"search_term_string"}}],"inLanguage":"es"}]}},"_links":{"self":[{"href":"https:\/\/aislayahorra.es\/tienda\/wp-json\/wp\/v2\/product\/1993","targetHints":{"allow":["GET"]}}],"collection":[{"href":"https:\/\/aislayahorra.es\/tienda\/wp-json\/wp\/v2\/product"}],"about":[{"href":"https:\/\/aislayahorra.es\/tienda\/wp-json\/wp\/v2\/types\/product"}],"replies":[{"embeddable":true,"href":"https:\/\/aislayahorra.es\/tienda\/wp-json\/wp\/v2\/comments?post=1993"}],"version-history":[{"count":16,"href":"https:\/\/aislayahorra.es\/tienda\/wp-json\/wp\/v2\/product\/1993\/revisions"}],"predecessor-version":[{"id":2736,"href":"https:\/\/aislayahorra.es\/tienda\/wp-json\/wp\/v2\/product\/1993\/revisions\/2736"}],"wp:featuredmedia":[{"embeddable":true,"href":"https:\/\/aislayahorra.es\/tienda\/wp-json\/wp\/v2\/media\/2002"}],"wp:attachment":[{"href":"https:\/\/aislayahorra.es\/tienda\/wp-json\/wp\/v2\/media?parent=1993"}],"wp:term":[{"taxonomy":"product_brand","embeddable":true,"href":"https:\/\/aislayahorra.es\/tienda\/wp-json\/wp\/v2\/product_brand?post=1993"},{"taxonomy":"product_cat","embeddable":true,"href":"https:\/\/aislayahorra.es\/tienda\/wp-json\/wp\/v2\/product_cat?post=1993"},{"taxonomy":"product_tag","embeddable":true,"href":"https:\/\/aislayahorra.es\/tienda\/wp-json\/wp\/v2\/product_tag?post=1993"}],"curies":[{"name":"wp","href":"https:\/\/api.w.org\/{rel}","templated":true}]}}