{"id":2442,"date":"2024-12-14T18:42:27","date_gmt":"2024-12-14T16:42:27","guid":{"rendered":"https:\/\/aislayahorra.es\/tienda\/?post_type=product&#038;p=2442"},"modified":"2026-03-27T12:03:26","modified_gmt":"2026-03-27T10:03:26","slug":"saco-ursa-purefloc-universal","status":"publish","type":"product","link":"https:\/\/aislayahorra.es\/tienda\/shop\/saco-ursa-purefloc-universal\/","title":{"rendered":"saco URSA Purefloc Universal"},"content":{"rendered":"\t\t<div data-elementor-type=\"product-post\" data-elementor-id=\"2442\" class=\"elementor elementor-2442\" data-elementor-post-type=\"product\">\n\t\t\t\t\t\t<section class=\"elementor-section elementor-top-section elementor-element elementor-element-6d3ae13f elementor-section-boxed elementor-section-height-default elementor-section-height-default\" data-id=\"6d3ae13f\" data-element_type=\"section\" data-e-type=\"section\">\n\t\t\t\t\t\t<div class=\"elementor-container elementor-column-gap-default\">\n\t\t\t\t\t<div class=\"elementor-column elementor-col-100 elementor-top-column elementor-element elementor-element-426d6d6\" data-id=\"426d6d6\" data-element_type=\"column\" data-e-type=\"column\">\n\t\t\t<div class=\"elementor-widget-wrap elementor-element-populated\">\n\t\t\t\t\t\t<div class=\"elementor-element elementor-element-1e58c5ad elementor-widget elementor-widget-text-editor\" data-id=\"1e58c5ad\" data-element_type=\"widget\" data-e-type=\"widget\" data-widget_type=\"text-editor.default\">\n\t\t\t\t<div class=\"elementor-widget-container\">\n\t\t\t\t\t\t\t\t\t&nbsp;\n\n&nbsp;\t\t\t\t\t\t\t\t<\/div>\n\t\t\t\t<\/div>\n\t\t\t\t\t<\/div>\n\t\t<\/div>\n\t\t\t\t\t<\/div>\n\t\t<\/section>\n\t\t\t\t<section class=\"elementor-section elementor-top-section elementor-element elementor-element-2c1281e elementor-section-boxed elementor-section-height-default elementor-section-height-default\" data-id=\"2c1281e\" data-element_type=\"section\" data-e-type=\"section\">\n\t\t\t\t\t\t<div class=\"elementor-container elementor-column-gap-default\">\n\t\t\t\t\t<div class=\"elementor-column elementor-col-100 elementor-top-column elementor-element elementor-element-0827502\" data-id=\"0827502\" data-element_type=\"column\" data-e-type=\"column\">\n\t\t\t<div class=\"elementor-widget-wrap elementor-element-populated\">\n\t\t\t\t\t\t<div class=\"elementor-element elementor-element-6ce15e8 elementor-widget elementor-widget-text-editor\" data-id=\"6ce15e8\" data-element_type=\"widget\" data-e-type=\"widget\" data-widget_type=\"text-editor.default\">\n\t\t\t\t<div class=\"elementor-widget-container\">\n\t\t\t\t\t\t\t\t\t<p>El saco URSA Purefloc Universal es un producto para insuflar\u00a0 aislamiento en fachadas o cavidades. El producto no tiene ligantes, es incombustible (m\u00e1xima calificaci\u00f3n contra el fuego, A1, no es hidr\u00f3filo es decir no almacena humedad. El material Se aplica con m\u00e1quinas de insuflado profesionales introduciendo los sacos en la m\u00e1quina y dejando inyectar el material triturado mezclado con aire dentro de las c\u00e1maras de aire de las fachadas o en cavidades cerradas.\u00a0<\/p><p>El material del saco URSA Purefloc Universal contiene aceites de silicona que lo protegen contra condensaciones intersticiales. Est\u00e1 pensado para su uso exclusivo como aislante insuflado. Su resistencia t\u00e9rmica es en esta aplicaci\u00f3n de Lambda 0,034 W\/mK. Los espesores aplicables dependen del espesor de la cavidad, como m\u00ednimo 4 cm. No asienta ya que al ser inyectado de forma hidr\u00e1ulica, tiene un comportamiento el\u00e1stico. Supera la clasificaci\u00f3n S1 contra el asiento. La densidad insuflada (a presi\u00f3n) siempre ser\u00e1 de 35 kg\/m3 seg\u00fan especifica el fabricante.<\/p><p>El material del saco URSA Purefloc Universal tambi\u00e9n puede soplarse bajo cubierta o entre tabiques palomeros. Tiene un certificado de Lambda 0,036 W\/mK para esa aplicaci\u00f3n teniendo que calcular una densidad de 25 kg\/m3 para esta aplicaci\u00f3n.<\/p>\t\t\t\t\t\t\t\t<\/div>\n\t\t\t\t<\/div>\n\t\t\t\t\t<\/div>\n\t\t<\/div>\n\t\t\t\t\t<\/div>\n\t\t<\/section>\n\t\t\t\t<section class=\"elementor-section elementor-top-section elementor-element elementor-element-d650b41 elementor-section-boxed elementor-section-height-default elementor-section-height-default\" data-id=\"d650b41\" data-element_type=\"section\" data-e-type=\"section\">\n\t\t\t\t\t\t<div class=\"elementor-container elementor-column-gap-default\">\n\t\t\t\t\t<div class=\"elementor-column elementor-col-100 elementor-top-column elementor-element elementor-element-40cff37\" data-id=\"40cff37\" data-element_type=\"column\" data-e-type=\"column\">\n\t\t\t<div class=\"elementor-widget-wrap elementor-element-populated\">\n\t\t\t\t\t\t<div class=\"elementor-element elementor-element-dc72cd2 elementor-align-center elementor-widget elementor-widget-button\" data-id=\"dc72cd2\" data-element_type=\"widget\" data-e-type=\"widget\" data-widget_type=\"button.default\">\n\t\t\t\t<div class=\"elementor-widget-container\">\n\t\t\t\t\t\t\t\t\t<div class=\"elementor-button-wrapper\">\n\t\t\t\t\t<a class=\"elementor-button elementor-button-link elementor-size-sm\" href=\"https:\/\/aislayahorra.es\/tienda\/wp-content\/uploads\/2025\/10\/URSA_PUREFLOC_UNIVERSAL_ES.pdf\">\n\t\t\t\t\t\t<span class=\"elementor-button-content-wrapper\">\n\t\t\t\t\t\t<span class=\"elementor-button-icon\">\n\t\t\t\t<i aria-hidden=\"true\" class=\"far fa-file-pdf\"><\/i>\t\t\t<\/span>\n\t\t\t\t\t\t\t\t\t<span class=\"elementor-button-text\">Ficha T\u00e9cnica URSA Purefloc Universal<\/span>\n\t\t\t\t\t<\/span>\n\t\t\t\t\t<\/a>\n\t\t\t\t<\/div>\n\t\t\t\t\t\t\t\t<\/div>\n\t\t\t\t<\/div>\n\t\t\t\t\t<\/div>\n\t\t<\/div>\n\t\t\t\t\t<\/div>\n\t\t<\/section>\n\t\t\t\t<\/div>\n\t\t","protected":false},"excerpt":{"rendered":"<p>URSA Purefloc Universal es un producto para insuflar aislamiento en fachadas o cavidades cerradas, en las que pueda haber condensaciones intersticiales. El producto no tiene ligantes, es incombustible (m\u00e1xima calificaci\u00f3n contra el fuego, A1, no es hidr\u00f3filo es decir no almacena humedad. Se aplica con m\u00e1quinas de insuflado profesionales introduciendo los sacos en la m\u00e1quina e inyectando el material triturado mezclado con aire dentro de las c\u00e1maras de aire de las fachadas o en cavidades.<\/p>\n<p>El material contiene aceites de silicona que lo protegen y est\u00e1 pensado para su uso exclusivo como aislante insuflado. Su resistencia t\u00e9rmica es en esta aplicaci\u00f3n de Lambda 0,034 W\/mK. Los\u00a0 espesores aplicados dependen del espesor de la cavidad, como m\u00ednimo 4 cm. No se asienta al ser un producto el\u00e1stico que cumple con la clasificaci\u00f3n S1 al asiento.<\/p>\n<h4 data-start=\"366\" data-end=\"408\"><strong>1.<\/strong> <strong data-start=\"374\" data-end=\"408\">Instalaci\u00f3n r\u00e1pida y sin obras<\/strong><\/h4>\n<p data-start=\"409\" data-end=\"731\">Se aplica mediante insuflado con nuestras m\u00e1quinas X-floc\u00a0 a trav\u00e9s de taladros de 40 mm de di\u00e1metro en las paredes. No hay necesidad de andamios ni obras invasivas. De esta forma realizamos el aislamiento sin generar polvo ni escombros, lo que posibilita que los ocupantes permanezcan en la vivienda durante los trabajos.<\/p>\n<h4 data-start=\"733\" data-end=\"785\"><strong>2. Excelente rendimiento t\u00e9rmico y ac\u00fastico<\/strong><\/h4>\n<p data-start=\"786\" data-end=\"1052\">Este material ofrece un aislamiento t\u00e9rmico eficaz que reduce los costes de calefacci\u00f3n y aire acondicionado. Adem\u00e1s de proporcionar un excelente aislamiento ac\u00fastico frente al ruido exterior, creando as\u00ed un ambiente interior m\u00e1s tranquilo.<\/p>\n<h4 data-start=\"1054\" data-end=\"1097\"><strong>3.<\/strong> <strong data-start=\"1062\" data-end=\"1097\">Material incombustible y seguro<\/strong><\/h4>\n<p data-start=\"1098\" data-end=\"1339\">El material no es higrosc\u00f3pico. No absorbe ni retiene humedad. Adem\u00e1s el material, es permeable al vapor, lo que permite que las paredes transpiran y se evitan as\u00ed posibles problemas de condensaci\u00f3n.<\/p>\n<h4 data-start=\"1341\" data-end=\"1384\"><strong>4.<\/strong> <strong data-start=\"1349\" data-end=\"1384\">Sostenibilidad y reciclabilidad<\/strong><\/h4>\n<p data-start=\"1385\" data-end=\"1663\">Este material est\u00e1 fabricado con materiales reciclados y reciclables. Contribuye a la sostenibilidad y eficiencia energ\u00e9tica de los edificios. Su vida \u00fatil es superior a la del edificio, lo que lo convierte en una opci\u00f3n duradera y ecol\u00f3gica.<\/p>\n<h4 data-start=\"1665\" data-end=\"1700\"><strong>5. Aplicaciones vers\u00e1tiles<\/strong><\/h4>\n<p data-start=\"1701\" data-end=\"1959\">Es ideal para su uso en rehabilitaciones. Tambi\u00e9n se puede usar en\u00a0 obra nueva. Las aplicaciones de aislamiento insuflado o soplado con este material de URSA Universal, sirven para aislar fachadas, falsos techos, buhardillas, bajo cubiertas, espacios inaccesibles entre tabiques palomeros y trasdosados.<\/p>\n<p>Para la aplicaci\u00f3n premium de soplado bajo cubiertas o entre tabiques palomeros, el producto dispone de un certificado de Lambda = 0,036 W\/mK, y una densidad de aplicaci\u00f3n de 25 kg\/m3.<\/p>\n","protected":false},"featured_media":2761,"comment_status":"open","ping_status":"closed","template":"","meta":[],"product_brand":[],"product_cat":[19],"product_tag":[115],"class_list":{"0":"post-2442","1":"product","2":"type-product","3":"status-publish","4":"has-post-thumbnail","6":"product_cat-materiales","7":"product_tag-ursa-purefloc-universal","8":"product_shipping_class-producto-tipo-4","10":"first","11":"instock","12":"shipping-taxable","13":"purchasable","14":"product-type-simple"},"yoast_head":"<!-- This site is optimized with the Yoast SEO plugin v26.8 - https:\/\/yoast.com\/product\/yoast-seo-wordpress\/ -->\n<title>saco URSA Purefloc Universal<\/title>\n<meta name=\"description\" content=\"El material de lana mineral blanca virgen saco URSA Purefloc Universal es una aplicaci\u00f3n para el insuflado de fachadas o soplado bajo cubierta\" \/>\n<meta name=\"robots\" content=\"index, follow, max-snippet:-1, max-image-preview:large, max-video-preview:-1\" \/>\n<link rel=\"canonical\" href=\"https:\/\/aislayahorra.es\/tienda\/shop\/saco-ursa-purefloc-universal\/\" \/>\n<meta property=\"og:locale\" content=\"es_ES\" \/>\n<meta property=\"og:type\" content=\"article\" \/>\n<meta property=\"og:title\" content=\"saco URSA Purefloc Universal\" \/>\n<meta property=\"og:description\" content=\"El material de lana mineral blanca virgen saco URSA Purefloc Universal es una aplicaci\u00f3n para el insuflado de fachadas o soplado bajo cubierta\" \/>\n<meta property=\"og:url\" content=\"https:\/\/aislayahorra.es\/tienda\/shop\/saco-ursa-purefloc-universal\/\" \/>\n<meta property=\"article:modified_time\" content=\"2026-03-27T10:03:26+00:00\" \/>\n<meta property=\"og:image\" content=\"https:\/\/aislayahorra.es\/tienda\/wp-content\/uploads\/2025\/10\/URSA_PURELFLOC_lana_minerale_fiocchi-1.png\" \/>\n\t<meta property=\"og:image:width\" content=\"1200\" \/>\n\t<meta property=\"og:image:height\" content=\"682\" \/>\n\t<meta property=\"og:image:type\" content=\"image\/png\" \/>\n<meta name=\"twitter:card\" content=\"summary_large_image\" \/>\n<meta name=\"twitter:label1\" content=\"Tiempo de lectura\" \/>\n\t<meta name=\"twitter:data1\" content=\"1 minuto\" \/>\n<script type=\"application\/ld+json\" class=\"yoast-schema-graph\">{\"@context\":\"https:\/\/schema.org\",\"@graph\":[{\"@type\":\"WebPage\",\"@id\":\"https:\/\/aislayahorra.es\/tienda\/shop\/saco-ursa-purefloc-universal\/\",\"url\":\"https:\/\/aislayahorra.es\/tienda\/shop\/saco-ursa-purefloc-universal\/\",\"name\":\"saco URSA Purefloc Universal\",\"isPartOf\":{\"@id\":\"https:\/\/aislayahorra.es\/tienda\/#website\"},\"primaryImageOfPage\":{\"@id\":\"https:\/\/aislayahorra.es\/tienda\/shop\/saco-ursa-purefloc-universal\/#primaryimage\"},\"image\":{\"@id\":\"https:\/\/aislayahorra.es\/tienda\/shop\/saco-ursa-purefloc-universal\/#primaryimage\"},\"thumbnailUrl\":\"https:\/\/aislayahorra.es\/tienda\/wp-content\/uploads\/2025\/10\/URSA_PURELFLOC_lana_minerale_fiocchi-1.png\",\"datePublished\":\"2024-12-14T16:42:27+00:00\",\"dateModified\":\"2026-03-27T10:03:26+00:00\",\"description\":\"El material de lana mineral blanca virgen saco URSA Purefloc Universal es una aplicaci\u00f3n para el insuflado de fachadas o soplado bajo cubierta\",\"breadcrumb\":{\"@id\":\"https:\/\/aislayahorra.es\/tienda\/shop\/saco-ursa-purefloc-universal\/#breadcrumb\"},\"inLanguage\":\"es\",\"potentialAction\":[{\"@type\":\"ReadAction\",\"target\":[\"https:\/\/aislayahorra.es\/tienda\/shop\/saco-ursa-purefloc-universal\/\"]}]},{\"@type\":\"ImageObject\",\"inLanguage\":\"es\",\"@id\":\"https:\/\/aislayahorra.es\/tienda\/shop\/saco-ursa-purefloc-universal\/#primaryimage\",\"url\":\"https:\/\/aislayahorra.es\/tienda\/wp-content\/uploads\/2025\/10\/URSA_PURELFLOC_lana_minerale_fiocchi-1.png\",\"contentUrl\":\"https:\/\/aislayahorra.es\/tienda\/wp-content\/uploads\/2025\/10\/URSA_PURELFLOC_lana_minerale_fiocchi-1.png\",\"width\":1200,\"height\":682,\"caption\":\"URSA PUREFLOC UNIVERSAL\"},{\"@type\":\"BreadcrumbList\",\"@id\":\"https:\/\/aislayahorra.es\/tienda\/shop\/saco-ursa-purefloc-universal\/#breadcrumb\",\"itemListElement\":[{\"@type\":\"ListItem\",\"position\":1,\"name\":\"Portada\",\"item\":\"https:\/\/aislayahorra.es\/tienda\/\"},{\"@type\":\"ListItem\",\"position\":2,\"name\":\"Shop\",\"item\":\"https:\/\/aislayahorra.es\/tienda\/\"},{\"@type\":\"ListItem\",\"position\":3,\"name\":\"saco URSA Purefloc Universal\"}]},{\"@type\":\"WebSite\",\"@id\":\"https:\/\/aislayahorra.es\/tienda\/#website\",\"url\":\"https:\/\/aislayahorra.es\/tienda\/\",\"name\":\"\",\"description\":\"\",\"potentialAction\":[{\"@type\":\"SearchAction\",\"target\":{\"@type\":\"EntryPoint\",\"urlTemplate\":\"https:\/\/aislayahorra.es\/tienda\/?s={search_term_string}\"},\"query-input\":{\"@type\":\"PropertyValueSpecification\",\"valueRequired\":true,\"valueName\":\"search_term_string\"}}],\"inLanguage\":\"es\"}]}<\/script>\n<!-- \/ Yoast SEO plugin. -->","yoast_head_json":{"title":"saco URSA Purefloc Universal","description":"El material de lana mineral blanca virgen saco URSA Purefloc Universal es una aplicaci\u00f3n para el insuflado de fachadas o soplado bajo cubierta","robots":{"index":"index","follow":"follow","max-snippet":"max-snippet:-1","max-image-preview":"max-image-preview:large","max-video-preview":"max-video-preview:-1"},"canonical":"https:\/\/aislayahorra.es\/tienda\/shop\/saco-ursa-purefloc-universal\/","og_locale":"es_ES","og_type":"article","og_title":"saco URSA Purefloc Universal","og_description":"El material de lana mineral blanca virgen saco URSA Purefloc Universal es una aplicaci\u00f3n para el insuflado de fachadas o soplado bajo cubierta","og_url":"https:\/\/aislayahorra.es\/tienda\/shop\/saco-ursa-purefloc-universal\/","article_modified_time":"2026-03-27T10:03:26+00:00","og_image":[{"width":1200,"height":682,"url":"https:\/\/aislayahorra.es\/tienda\/wp-content\/uploads\/2025\/10\/URSA_PURELFLOC_lana_minerale_fiocchi-1.png","type":"image\/png"}],"twitter_card":"summary_large_image","twitter_misc":{"Tiempo de lectura":"1 minuto"},"schema":{"@context":"https:\/\/schema.org","@graph":[{"@type":"WebPage","@id":"https:\/\/aislayahorra.es\/tienda\/shop\/saco-ursa-purefloc-universal\/","url":"https:\/\/aislayahorra.es\/tienda\/shop\/saco-ursa-purefloc-universal\/","name":"saco URSA Purefloc Universal","isPartOf":{"@id":"https:\/\/aislayahorra.es\/tienda\/#website"},"primaryImageOfPage":{"@id":"https:\/\/aislayahorra.es\/tienda\/shop\/saco-ursa-purefloc-universal\/#primaryimage"},"image":{"@id":"https:\/\/aislayahorra.es\/tienda\/shop\/saco-ursa-purefloc-universal\/#primaryimage"},"thumbnailUrl":"https:\/\/aislayahorra.es\/tienda\/wp-content\/uploads\/2025\/10\/URSA_PURELFLOC_lana_minerale_fiocchi-1.png","datePublished":"2024-12-14T16:42:27+00:00","dateModified":"2026-03-27T10:03:26+00:00","description":"El material de lana mineral blanca virgen saco URSA Purefloc Universal es una aplicaci\u00f3n para el insuflado de fachadas o soplado bajo cubierta","breadcrumb":{"@id":"https:\/\/aislayahorra.es\/tienda\/shop\/saco-ursa-purefloc-universal\/#breadcrumb"},"inLanguage":"es","potentialAction":[{"@type":"ReadAction","target":["https:\/\/aislayahorra.es\/tienda\/shop\/saco-ursa-purefloc-universal\/"]}]},{"@type":"ImageObject","inLanguage":"es","@id":"https:\/\/aislayahorra.es\/tienda\/shop\/saco-ursa-purefloc-universal\/#primaryimage","url":"https:\/\/aislayahorra.es\/tienda\/wp-content\/uploads\/2025\/10\/URSA_PURELFLOC_lana_minerale_fiocchi-1.png","contentUrl":"https:\/\/aislayahorra.es\/tienda\/wp-content\/uploads\/2025\/10\/URSA_PURELFLOC_lana_minerale_fiocchi-1.png","width":1200,"height":682,"caption":"URSA PUREFLOC UNIVERSAL"},{"@type":"BreadcrumbList","@id":"https:\/\/aislayahorra.es\/tienda\/shop\/saco-ursa-purefloc-universal\/#breadcrumb","itemListElement":[{"@type":"ListItem","position":1,"name":"Portada","item":"https:\/\/aislayahorra.es\/tienda\/"},{"@type":"ListItem","position":2,"name":"Shop","item":"https:\/\/aislayahorra.es\/tienda\/"},{"@type":"ListItem","position":3,"name":"saco URSA Purefloc Universal"}]},{"@type":"WebSite","@id":"https:\/\/aislayahorra.es\/tienda\/#website","url":"https:\/\/aislayahorra.es\/tienda\/","name":"","description":"","potentialAction":[{"@type":"SearchAction","target":{"@type":"EntryPoint","urlTemplate":"https:\/\/aislayahorra.es\/tienda\/?s={search_term_string}"},"query-input":{"@type":"PropertyValueSpecification","valueRequired":true,"valueName":"search_term_string"}}],"inLanguage":"es"}]}},"_links":{"self":[{"href":"https:\/\/aislayahorra.es\/tienda\/wp-json\/wp\/v2\/product\/2442","targetHints":{"allow":["GET"]}}],"collection":[{"href":"https:\/\/aislayahorra.es\/tienda\/wp-json\/wp\/v2\/product"}],"about":[{"href":"https:\/\/aislayahorra.es\/tienda\/wp-json\/wp\/v2\/types\/product"}],"replies":[{"embeddable":true,"href":"https:\/\/aislayahorra.es\/tienda\/wp-json\/wp\/v2\/comments?post=2442"}],"version-history":[{"count":38,"href":"https:\/\/aislayahorra.es\/tienda\/wp-json\/wp\/v2\/product\/2442\/revisions"}],"predecessor-version":[{"id":2812,"href":"https:\/\/aislayahorra.es\/tienda\/wp-json\/wp\/v2\/product\/2442\/revisions\/2812"}],"wp:featuredmedia":[{"embeddable":true,"href":"https:\/\/aislayahorra.es\/tienda\/wp-json\/wp\/v2\/media\/2761"}],"wp:attachment":[{"href":"https:\/\/aislayahorra.es\/tienda\/wp-json\/wp\/v2\/media?parent=2442"}],"wp:term":[{"taxonomy":"product_brand","embeddable":true,"href":"https:\/\/aislayahorra.es\/tienda\/wp-json\/wp\/v2\/product_brand?post=2442"},{"taxonomy":"product_cat","embeddable":true,"href":"https:\/\/aislayahorra.es\/tienda\/wp-json\/wp\/v2\/product_cat?post=2442"},{"taxonomy":"product_tag","embeddable":true,"href":"https:\/\/aislayahorra.es\/tienda\/wp-json\/wp\/v2\/product_tag?post=2442"}],"curies":[{"name":"wp","href":"https:\/\/api.w.org\/{rel}","templated":true}]}}