{"id":440,"date":"2021-01-18T14:06:14","date_gmt":"2021-01-18T12:06:14","guid":{"rendered":"https:\/\/test.aislayahorra.es\/tienda\/?post_type=product&#038;p=440"},"modified":"2025-11-07T17:58:29","modified_gmt":"2025-11-07T15:58:29","slug":"endoscopio-90o-para-diagnostico-y-control-de-calidad","status":"publish","type":"product","link":"https:\/\/aislayahorra.es\/tienda\/shop\/endoscopio-90o-para-diagnostico-y-control-de-calidad\/","title":{"rendered":"Endoscopio 90\u00ba para diagn\u00f3stico y Control de Calidad"},"content":{"rendered":"\t\t<div data-elementor-type=\"product-post\" data-elementor-id=\"440\" class=\"elementor elementor-440\" data-elementor-post-type=\"product\">\n\t\t\t\t\t\t<section class=\"elementor-section elementor-top-section elementor-element elementor-element-3d70c604 elementor-section-boxed elementor-section-height-default elementor-section-height-default\" data-id=\"3d70c604\" data-element_type=\"section\" data-e-type=\"section\">\n\t\t\t\t\t\t<div class=\"elementor-container elementor-column-gap-default\">\n\t\t\t\t\t<div class=\"elementor-column elementor-col-100 elementor-top-column elementor-element elementor-element-184149b7\" data-id=\"184149b7\" data-element_type=\"column\" data-e-type=\"column\">\n\t\t\t<div class=\"elementor-widget-wrap elementor-element-populated\">\n\t\t\t\t\t\t<div class=\"elementor-element elementor-element-16717f75 elementor-widget elementor-widget-text-editor\" data-id=\"16717f75\" data-element_type=\"widget\" data-e-type=\"widget\" data-widget_type=\"text-editor.default\">\n\t\t\t\t<div class=\"elementor-widget-container\">\n\t\t\t\t\t\t\t\t\t<p>\u00a0<\/p><h3><b>Endoscopio para inspecci\u00f3n de c\u00e1maras de insuflado<\/b><\/h3><p>Con este Endoscopio ideado para la inspecci\u00f3n de c\u00e1maras de insuflado de fachadas, se puede inspeccionar las c\u00e1maras con facilidad, gracias al \u00e1ngulo de 90\u00ba del visor ubicado al final del endoscopio y la visi\u00f3n directa.\u00a0\u00c9ste est\u00e1 provisto adem\u00e1s de 6 potentes focos LED.<\/p><p>Finalmente cabe destacar que la c\u00e1mara tiene un dispositivo para con una tarjeta, permite grabar videos y fotos, y documentar as\u00ed el estado de la cavidad.<\/p>\t\t\t\t\t\t\t\t<\/div>\n\t\t\t\t<\/div>\n\t\t\t\t\t<\/div>\n\t\t<\/div>\n\t\t\t\t\t<\/div>\n\t\t<\/section>\n\t\t\t\t<\/div>\n\t\t","protected":false},"excerpt":{"rendered":"<p>Con este <strong>Endoscopio<\/strong> ideado para la inspecci\u00f3n de c\u00e1maras de insuflado de fachadas, se puede inspeccionar las c\u00e1maras con facilidad, gracias al \u00e1ngulo de 90\u00ba del visor ubicado al final del endoscopio. \u00c9ste est\u00e1 provisto adem\u00e1s de 2 potentes focos LED.<\/p>\n","protected":false},"featured_media":442,"comment_status":"open","ping_status":"closed","template":"","meta":[],"product_brand":[],"product_cat":[21],"product_tag":[],"class_list":{"0":"post-440","1":"product","2":"type-product","3":"status-publish","4":"has-post-thumbnail","6":"product_cat-accesorios-insuflado","7":"product_shipping_class-producto-tipo-5","9":"first","10":"instock","11":"shipping-taxable","12":"purchasable","13":"product-type-simple"},"yoast_head":"<!-- This site is optimized with the Yoast SEO plugin v26.8 - https:\/\/yoast.com\/product\/yoast-seo-wordpress\/ -->\n<title>Endoscopio 90\u00ba para diagn\u00f3stico y Control de Calidad del insuflado<\/title>\n<meta name=\"description\" content=\"Con el endoscopio 90\u00ba para diagn\u00f3stico y Control de Calidad podremos controlar todo el proceso desde el diagn\u00f3stico al control de calidad\" \/>\n<meta name=\"robots\" content=\"index, follow, max-snippet:-1, max-image-preview:large, max-video-preview:-1\" \/>\n<link rel=\"canonical\" href=\"https:\/\/aislayahorra.es\/tienda\/shop\/endoscopio-90o-para-diagnostico-y-control-de-calidad\/\" \/>\n<meta property=\"og:locale\" content=\"es_ES\" \/>\n<meta property=\"og:type\" content=\"article\" \/>\n<meta property=\"og:title\" content=\"Endoscopio 90\u00ba para diagn\u00f3stico y Control de Calidad del insuflado\" \/>\n<meta property=\"og:description\" content=\"Con el endoscopio 90\u00ba para diagn\u00f3stico y Control de Calidad podremos controlar todo el proceso desde el diagn\u00f3stico al control de calidad\" \/>\n<meta property=\"og:url\" content=\"https:\/\/aislayahorra.es\/tienda\/shop\/endoscopio-90o-para-diagnostico-y-control-de-calidad\/\" \/>\n<meta property=\"article:modified_time\" content=\"2025-11-07T15:58:29+00:00\" \/>\n<meta property=\"og:image\" content=\"https:\/\/aislayahorra.es\/tienda\/wp-content\/uploads\/2021\/01\/60-endoscopio-1.jpg\" \/>\n\t<meta property=\"og:image:width\" content=\"1294\" \/>\n\t<meta property=\"og:image:height\" content=\"1294\" \/>\n\t<meta property=\"og:image:type\" content=\"image\/jpeg\" \/>\n<meta name=\"twitter:card\" content=\"summary_large_image\" \/>\n<script type=\"application\/ld+json\" class=\"yoast-schema-graph\">{\"@context\":\"https:\/\/schema.org\",\"@graph\":[{\"@type\":\"WebPage\",\"@id\":\"https:\/\/aislayahorra.es\/tienda\/shop\/endoscopio-90o-para-diagnostico-y-control-de-calidad\/\",\"url\":\"https:\/\/aislayahorra.es\/tienda\/shop\/endoscopio-90o-para-diagnostico-y-control-de-calidad\/\",\"name\":\"Endoscopio 90\u00ba para diagn\u00f3stico y Control de Calidad del insuflado\",\"isPartOf\":{\"@id\":\"https:\/\/aislayahorra.es\/tienda\/#website\"},\"primaryImageOfPage\":{\"@id\":\"https:\/\/aislayahorra.es\/tienda\/shop\/endoscopio-90o-para-diagnostico-y-control-de-calidad\/#primaryimage\"},\"image\":{\"@id\":\"https:\/\/aislayahorra.es\/tienda\/shop\/endoscopio-90o-para-diagnostico-y-control-de-calidad\/#primaryimage\"},\"thumbnailUrl\":\"https:\/\/aislayahorra.es\/tienda\/wp-content\/uploads\/2021\/01\/60-endoscopio-1.jpg\",\"datePublished\":\"2021-01-18T12:06:14+00:00\",\"dateModified\":\"2025-11-07T15:58:29+00:00\",\"description\":\"Con el endoscopio 90\u00ba para diagn\u00f3stico y Control de Calidad podremos controlar todo el proceso desde el diagn\u00f3stico al control de calidad\",\"breadcrumb\":{\"@id\":\"https:\/\/aislayahorra.es\/tienda\/shop\/endoscopio-90o-para-diagnostico-y-control-de-calidad\/#breadcrumb\"},\"inLanguage\":\"es\",\"potentialAction\":[{\"@type\":\"ReadAction\",\"target\":[\"https:\/\/aislayahorra.es\/tienda\/shop\/endoscopio-90o-para-diagnostico-y-control-de-calidad\/\"]}]},{\"@type\":\"ImageObject\",\"inLanguage\":\"es\",\"@id\":\"https:\/\/aislayahorra.es\/tienda\/shop\/endoscopio-90o-para-diagnostico-y-control-de-calidad\/#primaryimage\",\"url\":\"https:\/\/aislayahorra.es\/tienda\/wp-content\/uploads\/2021\/01\/60-endoscopio-1.jpg\",\"contentUrl\":\"https:\/\/aislayahorra.es\/tienda\/wp-content\/uploads\/2021\/01\/60-endoscopio-1.jpg\",\"width\":1294,\"height\":1294,\"caption\":\"Endoscopio 90\u00ba para diagn\u00f3stico y Control de Calidad\"},{\"@type\":\"BreadcrumbList\",\"@id\":\"https:\/\/aislayahorra.es\/tienda\/shop\/endoscopio-90o-para-diagnostico-y-control-de-calidad\/#breadcrumb\",\"itemListElement\":[{\"@type\":\"ListItem\",\"position\":1,\"name\":\"Portada\",\"item\":\"https:\/\/aislayahorra.es\/tienda\/\"},{\"@type\":\"ListItem\",\"position\":2,\"name\":\"Shop\",\"item\":\"https:\/\/aislayahorra.es\/tienda\/\"},{\"@type\":\"ListItem\",\"position\":3,\"name\":\"Endoscopio 90\u00ba para diagn\u00f3stico y Control de Calidad\"}]},{\"@type\":\"WebSite\",\"@id\":\"https:\/\/aislayahorra.es\/tienda\/#website\",\"url\":\"https:\/\/aislayahorra.es\/tienda\/\",\"name\":\"\",\"description\":\"\",\"potentialAction\":[{\"@type\":\"SearchAction\",\"target\":{\"@type\":\"EntryPoint\",\"urlTemplate\":\"https:\/\/aislayahorra.es\/tienda\/?s={search_term_string}\"},\"query-input\":{\"@type\":\"PropertyValueSpecification\",\"valueRequired\":true,\"valueName\":\"search_term_string\"}}],\"inLanguage\":\"es\"}]}<\/script>\n<!-- \/ Yoast SEO plugin. -->","yoast_head_json":{"title":"Endoscopio 90\u00ba para diagn\u00f3stico y Control de Calidad del insuflado","description":"Con el endoscopio 90\u00ba para diagn\u00f3stico y Control de Calidad podremos controlar todo el proceso desde el diagn\u00f3stico al control de calidad","robots":{"index":"index","follow":"follow","max-snippet":"max-snippet:-1","max-image-preview":"max-image-preview:large","max-video-preview":"max-video-preview:-1"},"canonical":"https:\/\/aislayahorra.es\/tienda\/shop\/endoscopio-90o-para-diagnostico-y-control-de-calidad\/","og_locale":"es_ES","og_type":"article","og_title":"Endoscopio 90\u00ba para diagn\u00f3stico y Control de Calidad del insuflado","og_description":"Con el endoscopio 90\u00ba para diagn\u00f3stico y Control de Calidad podremos controlar todo el proceso desde el diagn\u00f3stico al control de calidad","og_url":"https:\/\/aislayahorra.es\/tienda\/shop\/endoscopio-90o-para-diagnostico-y-control-de-calidad\/","article_modified_time":"2025-11-07T15:58:29+00:00","og_image":[{"width":1294,"height":1294,"url":"https:\/\/aislayahorra.es\/tienda\/wp-content\/uploads\/2021\/01\/60-endoscopio-1.jpg","type":"image\/jpeg"}],"twitter_card":"summary_large_image","schema":{"@context":"https:\/\/schema.org","@graph":[{"@type":"WebPage","@id":"https:\/\/aislayahorra.es\/tienda\/shop\/endoscopio-90o-para-diagnostico-y-control-de-calidad\/","url":"https:\/\/aislayahorra.es\/tienda\/shop\/endoscopio-90o-para-diagnostico-y-control-de-calidad\/","name":"Endoscopio 90\u00ba para diagn\u00f3stico y Control de Calidad del insuflado","isPartOf":{"@id":"https:\/\/aislayahorra.es\/tienda\/#website"},"primaryImageOfPage":{"@id":"https:\/\/aislayahorra.es\/tienda\/shop\/endoscopio-90o-para-diagnostico-y-control-de-calidad\/#primaryimage"},"image":{"@id":"https:\/\/aislayahorra.es\/tienda\/shop\/endoscopio-90o-para-diagnostico-y-control-de-calidad\/#primaryimage"},"thumbnailUrl":"https:\/\/aislayahorra.es\/tienda\/wp-content\/uploads\/2021\/01\/60-endoscopio-1.jpg","datePublished":"2021-01-18T12:06:14+00:00","dateModified":"2025-11-07T15:58:29+00:00","description":"Con el endoscopio 90\u00ba para diagn\u00f3stico y Control de Calidad podremos controlar todo el proceso desde el diagn\u00f3stico al control de calidad","breadcrumb":{"@id":"https:\/\/aislayahorra.es\/tienda\/shop\/endoscopio-90o-para-diagnostico-y-control-de-calidad\/#breadcrumb"},"inLanguage":"es","potentialAction":[{"@type":"ReadAction","target":["https:\/\/aislayahorra.es\/tienda\/shop\/endoscopio-90o-para-diagnostico-y-control-de-calidad\/"]}]},{"@type":"ImageObject","inLanguage":"es","@id":"https:\/\/aislayahorra.es\/tienda\/shop\/endoscopio-90o-para-diagnostico-y-control-de-calidad\/#primaryimage","url":"https:\/\/aislayahorra.es\/tienda\/wp-content\/uploads\/2021\/01\/60-endoscopio-1.jpg","contentUrl":"https:\/\/aislayahorra.es\/tienda\/wp-content\/uploads\/2021\/01\/60-endoscopio-1.jpg","width":1294,"height":1294,"caption":"Endoscopio 90\u00ba para diagn\u00f3stico y Control de Calidad"},{"@type":"BreadcrumbList","@id":"https:\/\/aislayahorra.es\/tienda\/shop\/endoscopio-90o-para-diagnostico-y-control-de-calidad\/#breadcrumb","itemListElement":[{"@type":"ListItem","position":1,"name":"Portada","item":"https:\/\/aislayahorra.es\/tienda\/"},{"@type":"ListItem","position":2,"name":"Shop","item":"https:\/\/aislayahorra.es\/tienda\/"},{"@type":"ListItem","position":3,"name":"Endoscopio 90\u00ba para diagn\u00f3stico y Control de Calidad"}]},{"@type":"WebSite","@id":"https:\/\/aislayahorra.es\/tienda\/#website","url":"https:\/\/aislayahorra.es\/tienda\/","name":"","description":"","potentialAction":[{"@type":"SearchAction","target":{"@type":"EntryPoint","urlTemplate":"https:\/\/aislayahorra.es\/tienda\/?s={search_term_string}"},"query-input":{"@type":"PropertyValueSpecification","valueRequired":true,"valueName":"search_term_string"}}],"inLanguage":"es"}]}},"_links":{"self":[{"href":"https:\/\/aislayahorra.es\/tienda\/wp-json\/wp\/v2\/product\/440","targetHints":{"allow":["GET"]}}],"collection":[{"href":"https:\/\/aislayahorra.es\/tienda\/wp-json\/wp\/v2\/product"}],"about":[{"href":"https:\/\/aislayahorra.es\/tienda\/wp-json\/wp\/v2\/types\/product"}],"replies":[{"embeddable":true,"href":"https:\/\/aislayahorra.es\/tienda\/wp-json\/wp\/v2\/comments?post=440"}],"version-history":[{"count":9,"href":"https:\/\/aislayahorra.es\/tienda\/wp-json\/wp\/v2\/product\/440\/revisions"}],"predecessor-version":[{"id":2660,"href":"https:\/\/aislayahorra.es\/tienda\/wp-json\/wp\/v2\/product\/440\/revisions\/2660"}],"wp:featuredmedia":[{"embeddable":true,"href":"https:\/\/aislayahorra.es\/tienda\/wp-json\/wp\/v2\/media\/442"}],"wp:attachment":[{"href":"https:\/\/aislayahorra.es\/tienda\/wp-json\/wp\/v2\/media?parent=440"}],"wp:term":[{"taxonomy":"product_brand","embeddable":true,"href":"https:\/\/aislayahorra.es\/tienda\/wp-json\/wp\/v2\/product_brand?post=440"},{"taxonomy":"product_cat","embeddable":true,"href":"https:\/\/aislayahorra.es\/tienda\/wp-json\/wp\/v2\/product_cat?post=440"},{"taxonomy":"product_tag","embeddable":true,"href":"https:\/\/aislayahorra.es\/tienda\/wp-json\/wp\/v2\/product_tag?post=440"}],"curies":[{"name":"wp","href":"https:\/\/api.w.org\/{rel}","templated":true}]}}