{"id":731,"date":"2021-01-20T11:11:10","date_gmt":"2021-01-20T09:11:10","guid":{"rendered":"https:\/\/test.aislayahorra.es\/tienda\/?post_type=product&#038;p=731"},"modified":"2023-09-08T19:51:21","modified_gmt":"2023-09-08T17:51:21","slug":"formacion-blower-door-para-empresas","status":"publish","type":"product","link":"https:\/\/aislayahorra.es\/tienda\/shop\/formacion-blower-door-para-empresas\/","title":{"rendered":"Formaci\u00f3n Blower Door para Empresas sin bonificaci\u00f3n"},"content":{"rendered":"\t\t<div data-elementor-type=\"product-post\" data-elementor-id=\"731\" class=\"elementor elementor-731\" data-elementor-post-type=\"product\">\n\t\t\t\t\t\t<section class=\"elementor-section elementor-top-section elementor-element elementor-element-28a5d36 elementor-section-boxed elementor-section-height-default elementor-section-height-default\" data-id=\"28a5d36\" data-element_type=\"section\" data-e-type=\"section\">\n\t\t\t\t\t\t<div class=\"elementor-container elementor-column-gap-default\">\n\t\t\t\t\t<div class=\"elementor-column elementor-col-100 elementor-top-column elementor-element elementor-element-e489e04\" data-id=\"e489e04\" data-element_type=\"column\" data-e-type=\"column\">\n\t\t\t<div class=\"elementor-widget-wrap elementor-element-populated\">\n\t\t\t\t\t\t<div class=\"elementor-element elementor-element-efcc11a elementor-widget elementor-widget-text-editor\" data-id=\"efcc11a\" data-element_type=\"widget\" data-e-type=\"widget\" data-widget_type=\"text-editor.default\">\n\t\t\t\t<div class=\"elementor-widget-container\">\n\t\t\t\t\t\t\t\t\t<ol><li>Parte te\u00f3rica.<\/li><\/ol><ul><li>Antecedentes previos a realizar una medici\u00f3n<\/li><li>Normativa aplicable EN 13829 ISO 9972<\/li><li>Preparaci\u00f3n del recinto para un ensayo<\/li><li>Modo Cruiser, ensayo con 50 Pa<\/li><li>Detecci\u00f3n de Infiltraciones<\/li><li>L\u00edmites admisibles n50 y q 50<\/li><li>C\u00e1lculo de Volumen y \u00e1reas seg\u00fan EN 13829<\/li><li>Procedimientos A y B, mediciones de sobrepresi\u00f3n y supresi\u00f3n<\/li><li>Elementos del edificio e instalaciones que deben cerrarse\/ sellarse<\/li><li>Presi\u00f3n de referencia<\/li><li>Tolerancias admisibles<\/li><\/ul><p>\u00a0<\/p><ol start=\"2\"><li>Parte\u00a0 pr\u00e1ctica.<\/li><\/ol><ul><li>Montaje y desmontaje de un ventilador BlowerDoor Standard<\/li><li>Manejo e instalaci\u00f3n de Software TECTITE EXPRESS<\/li><li>Confecci\u00f3n de informes con TECTITE EXPRESS<\/li><\/ul><p>\u00a0<\/p><ol start=\"3\"><li>Certificados.<\/li><\/ol><ul><li>El participante recibir\u00e1 un certificado oficial de la BlowerDoor Academy\u00a0 con el\u00a0 sello oficial \u00a0<\/li><\/ul>\t\t\t\t\t\t\t\t<\/div>\n\t\t\t\t<\/div>\n\t\t\t\t<div class=\"elementor-element elementor-element-3863153 elementor-icon-list--layout-traditional elementor-list-item-link-full_width elementor-widget elementor-widget-icon-list\" data-id=\"3863153\" data-element_type=\"widget\" data-e-type=\"widget\" data-widget_type=\"icon-list.default\">\n\t\t\t\t<div class=\"elementor-widget-container\">\n\t\t\t\t\t\t\t<ul class=\"elementor-icon-list-items\">\n\t\t\t\t\t\t\t<li class=\"elementor-icon-list-item\">\n\t\t\t\t\t\t\t\t\t\t\t<a href=\"https:\/\/www.aislayahorra.es\/tienda\/wp-content\/uploads\/2021\/01\/Curso-Minneapolis-BlowerDoor.pdf\" target=\"_blank\">\n\n\t\t\t\t\t\t\t\t\t\t\t\t<span class=\"elementor-icon-list-icon\">\n\t\t\t\t\t\t\t<i aria-hidden=\"true\" class=\"far fa-file-pdf\"><\/i>\t\t\t\t\t\t<\/span>\n\t\t\t\t\t\t\t\t\t\t<span class=\"elementor-icon-list-text\">Curso  Minneapolis BlowerDoor<\/span>\n\t\t\t\t\t\t\t\t\t\t\t<\/a>\n\t\t\t\t\t\t\t\t\t<\/li>\n\t\t\t\t\t\t<\/ul>\n\t\t\t\t\t\t<\/div>\n\t\t\t\t<\/div>\n\t\t\t\t\t<\/div>\n\t\t<\/div>\n\t\t\t\t\t<\/div>\n\t\t<\/section>\n\t\t\t\t<\/div>\n\t\t","protected":false},"excerpt":{"rendered":"<p>El curso consta de 3 M\u00f3dulos<\/p>\n<ol>\n<li>Parte te\u00f3rica.<\/li>\n<li>Parte\u00a0 pr\u00e1ctica.<\/li>\n<li>Certificados<\/li>\n<\/ol>\n<p><strong>Nota: Hasta 10 personas. El coste del curso se puede bonificar un 50% condicionado a la compra de un equipo<\/strong><\/p>\n","protected":false},"featured_media":732,"comment_status":"open","ping_status":"closed","template":"","meta":[],"product_brand":[],"product_cat":[23,16],"product_tag":[],"class_list":{"0":"post-731","1":"product","2":"type-product","3":"status-publish","4":"has-post-thumbnail","6":"product_cat-blower-door","7":"product_cat-cursos","8":"product_shipping_class-sin-envio","10":"first","11":"instock","12":"shipping-taxable","13":"purchasable","14":"product-type-simple"},"yoast_head":"<!-- This site is optimized with the Yoast SEO plugin v26.8 - https:\/\/yoast.com\/product\/yoast-seo-wordpress\/ -->\n<title>Formaci\u00f3n Blower Door para Empresas sin bonificaci\u00f3n certificado<\/title>\n<meta name=\"description\" content=\"Ofrecemos Formaci\u00f3n Blower Door para Empresas con Certificado Blower Door Academy para asegurar el ensayo seg\u00fan normativa.\" \/>\n<meta name=\"robots\" content=\"index, follow, max-snippet:-1, max-image-preview:large, max-video-preview:-1\" \/>\n<link rel=\"canonical\" href=\"https:\/\/aislayahorra.es\/tienda\/shop\/formacion-blower-door-para-empresas\/\" \/>\n<meta property=\"og:locale\" content=\"es_ES\" \/>\n<meta property=\"og:type\" content=\"article\" \/>\n<meta property=\"og:title\" content=\"Formaci\u00f3n Blower Door para Empresas sin bonificaci\u00f3n certificado\" \/>\n<meta property=\"og:description\" content=\"Ofrecemos Formaci\u00f3n Blower Door para Empresas con Certificado Blower Door Academy para asegurar el ensayo seg\u00fan normativa.\" \/>\n<meta property=\"og:url\" content=\"https:\/\/aislayahorra.es\/tienda\/shop\/formacion-blower-door-para-empresas\/\" \/>\n<meta property=\"article:modified_time\" content=\"2023-09-08T17:51:21+00:00\" \/>\n<meta property=\"og:image\" content=\"https:\/\/aislayahorra.es\/tienda\/wp-content\/uploads\/2021\/01\/formacion-empresa-01.jpg\" \/>\n\t<meta property=\"og:image:width\" content=\"1294\" \/>\n\t<meta property=\"og:image:height\" content=\"1294\" \/>\n\t<meta property=\"og:image:type\" content=\"image\/jpeg\" \/>\n<meta name=\"twitter:card\" content=\"summary_large_image\" \/>\n<meta name=\"twitter:label1\" content=\"Tiempo de lectura\" \/>\n\t<meta name=\"twitter:data1\" content=\"1 minuto\" \/>\n<script type=\"application\/ld+json\" class=\"yoast-schema-graph\">{\"@context\":\"https:\/\/schema.org\",\"@graph\":[{\"@type\":\"WebPage\",\"@id\":\"https:\/\/aislayahorra.es\/tienda\/shop\/formacion-blower-door-para-empresas\/\",\"url\":\"https:\/\/aislayahorra.es\/tienda\/shop\/formacion-blower-door-para-empresas\/\",\"name\":\"Formaci\u00f3n Blower Door para Empresas sin bonificaci\u00f3n certificado\",\"isPartOf\":{\"@id\":\"https:\/\/aislayahorra.es\/tienda\/#website\"},\"primaryImageOfPage\":{\"@id\":\"https:\/\/aislayahorra.es\/tienda\/shop\/formacion-blower-door-para-empresas\/#primaryimage\"},\"image\":{\"@id\":\"https:\/\/aislayahorra.es\/tienda\/shop\/formacion-blower-door-para-empresas\/#primaryimage\"},\"thumbnailUrl\":\"https:\/\/aislayahorra.es\/tienda\/wp-content\/uploads\/2021\/01\/formacion-empresa-01.jpg\",\"datePublished\":\"2021-01-20T09:11:10+00:00\",\"dateModified\":\"2023-09-08T17:51:21+00:00\",\"description\":\"Ofrecemos Formaci\u00f3n Blower Door para Empresas con Certificado Blower Door Academy para asegurar el ensayo seg\u00fan normativa.\",\"breadcrumb\":{\"@id\":\"https:\/\/aislayahorra.es\/tienda\/shop\/formacion-blower-door-para-empresas\/#breadcrumb\"},\"inLanguage\":\"es\",\"potentialAction\":[{\"@type\":\"ReadAction\",\"target\":[\"https:\/\/aislayahorra.es\/tienda\/shop\/formacion-blower-door-para-empresas\/\"]}]},{\"@type\":\"ImageObject\",\"inLanguage\":\"es\",\"@id\":\"https:\/\/aislayahorra.es\/tienda\/shop\/formacion-blower-door-para-empresas\/#primaryimage\",\"url\":\"https:\/\/aislayahorra.es\/tienda\/wp-content\/uploads\/2021\/01\/formacion-empresa-01.jpg\",\"contentUrl\":\"https:\/\/aislayahorra.es\/tienda\/wp-content\/uploads\/2021\/01\/formacion-empresa-01.jpg\",\"width\":1294,\"height\":1294,\"caption\":\"Formaci\u00f3n Curso Blower Door para Empresas\"},{\"@type\":\"BreadcrumbList\",\"@id\":\"https:\/\/aislayahorra.es\/tienda\/shop\/formacion-blower-door-para-empresas\/#breadcrumb\",\"itemListElement\":[{\"@type\":\"ListItem\",\"position\":1,\"name\":\"Portada\",\"item\":\"https:\/\/aislayahorra.es\/tienda\/\"},{\"@type\":\"ListItem\",\"position\":2,\"name\":\"Shop\",\"item\":\"https:\/\/aislayahorra.es\/tienda\/\"},{\"@type\":\"ListItem\",\"position\":3,\"name\":\"Formaci\u00f3n Blower Door para Empresas sin bonificaci\u00f3n\"}]},{\"@type\":\"WebSite\",\"@id\":\"https:\/\/aislayahorra.es\/tienda\/#website\",\"url\":\"https:\/\/aislayahorra.es\/tienda\/\",\"name\":\"\",\"description\":\"\",\"potentialAction\":[{\"@type\":\"SearchAction\",\"target\":{\"@type\":\"EntryPoint\",\"urlTemplate\":\"https:\/\/aislayahorra.es\/tienda\/?s={search_term_string}\"},\"query-input\":{\"@type\":\"PropertyValueSpecification\",\"valueRequired\":true,\"valueName\":\"search_term_string\"}}],\"inLanguage\":\"es\"}]}<\/script>\n<!-- \/ Yoast SEO plugin. -->","yoast_head_json":{"title":"Formaci\u00f3n Blower Door para Empresas sin bonificaci\u00f3n certificado","description":"Ofrecemos Formaci\u00f3n Blower Door para Empresas con Certificado Blower Door Academy para asegurar el ensayo seg\u00fan normativa.","robots":{"index":"index","follow":"follow","max-snippet":"max-snippet:-1","max-image-preview":"max-image-preview:large","max-video-preview":"max-video-preview:-1"},"canonical":"https:\/\/aislayahorra.es\/tienda\/shop\/formacion-blower-door-para-empresas\/","og_locale":"es_ES","og_type":"article","og_title":"Formaci\u00f3n Blower Door para Empresas sin bonificaci\u00f3n certificado","og_description":"Ofrecemos Formaci\u00f3n Blower Door para Empresas con Certificado Blower Door Academy para asegurar el ensayo seg\u00fan normativa.","og_url":"https:\/\/aislayahorra.es\/tienda\/shop\/formacion-blower-door-para-empresas\/","article_modified_time":"2023-09-08T17:51:21+00:00","og_image":[{"width":1294,"height":1294,"url":"https:\/\/aislayahorra.es\/tienda\/wp-content\/uploads\/2021\/01\/formacion-empresa-01.jpg","type":"image\/jpeg"}],"twitter_card":"summary_large_image","twitter_misc":{"Tiempo de lectura":"1 minuto"},"schema":{"@context":"https:\/\/schema.org","@graph":[{"@type":"WebPage","@id":"https:\/\/aislayahorra.es\/tienda\/shop\/formacion-blower-door-para-empresas\/","url":"https:\/\/aislayahorra.es\/tienda\/shop\/formacion-blower-door-para-empresas\/","name":"Formaci\u00f3n Blower Door para Empresas sin bonificaci\u00f3n certificado","isPartOf":{"@id":"https:\/\/aislayahorra.es\/tienda\/#website"},"primaryImageOfPage":{"@id":"https:\/\/aislayahorra.es\/tienda\/shop\/formacion-blower-door-para-empresas\/#primaryimage"},"image":{"@id":"https:\/\/aislayahorra.es\/tienda\/shop\/formacion-blower-door-para-empresas\/#primaryimage"},"thumbnailUrl":"https:\/\/aislayahorra.es\/tienda\/wp-content\/uploads\/2021\/01\/formacion-empresa-01.jpg","datePublished":"2021-01-20T09:11:10+00:00","dateModified":"2023-09-08T17:51:21+00:00","description":"Ofrecemos Formaci\u00f3n Blower Door para Empresas con Certificado Blower Door Academy para asegurar el ensayo seg\u00fan normativa.","breadcrumb":{"@id":"https:\/\/aislayahorra.es\/tienda\/shop\/formacion-blower-door-para-empresas\/#breadcrumb"},"inLanguage":"es","potentialAction":[{"@type":"ReadAction","target":["https:\/\/aislayahorra.es\/tienda\/shop\/formacion-blower-door-para-empresas\/"]}]},{"@type":"ImageObject","inLanguage":"es","@id":"https:\/\/aislayahorra.es\/tienda\/shop\/formacion-blower-door-para-empresas\/#primaryimage","url":"https:\/\/aislayahorra.es\/tienda\/wp-content\/uploads\/2021\/01\/formacion-empresa-01.jpg","contentUrl":"https:\/\/aislayahorra.es\/tienda\/wp-content\/uploads\/2021\/01\/formacion-empresa-01.jpg","width":1294,"height":1294,"caption":"Formaci\u00f3n Curso Blower Door para Empresas"},{"@type":"BreadcrumbList","@id":"https:\/\/aislayahorra.es\/tienda\/shop\/formacion-blower-door-para-empresas\/#breadcrumb","itemListElement":[{"@type":"ListItem","position":1,"name":"Portada","item":"https:\/\/aislayahorra.es\/tienda\/"},{"@type":"ListItem","position":2,"name":"Shop","item":"https:\/\/aislayahorra.es\/tienda\/"},{"@type":"ListItem","position":3,"name":"Formaci\u00f3n Blower Door para Empresas sin bonificaci\u00f3n"}]},{"@type":"WebSite","@id":"https:\/\/aislayahorra.es\/tienda\/#website","url":"https:\/\/aislayahorra.es\/tienda\/","name":"","description":"","potentialAction":[{"@type":"SearchAction","target":{"@type":"EntryPoint","urlTemplate":"https:\/\/aislayahorra.es\/tienda\/?s={search_term_string}"},"query-input":{"@type":"PropertyValueSpecification","valueRequired":true,"valueName":"search_term_string"}}],"inLanguage":"es"}]}},"_links":{"self":[{"href":"https:\/\/aislayahorra.es\/tienda\/wp-json\/wp\/v2\/product\/731","targetHints":{"allow":["GET"]}}],"collection":[{"href":"https:\/\/aislayahorra.es\/tienda\/wp-json\/wp\/v2\/product"}],"about":[{"href":"https:\/\/aislayahorra.es\/tienda\/wp-json\/wp\/v2\/types\/product"}],"replies":[{"embeddable":true,"href":"https:\/\/aislayahorra.es\/tienda\/wp-json\/wp\/v2\/comments?post=731"}],"version-history":[{"count":3,"href":"https:\/\/aislayahorra.es\/tienda\/wp-json\/wp\/v2\/product\/731\/revisions"}],"predecessor-version":[{"id":2258,"href":"https:\/\/aislayahorra.es\/tienda\/wp-json\/wp\/v2\/product\/731\/revisions\/2258"}],"wp:featuredmedia":[{"embeddable":true,"href":"https:\/\/aislayahorra.es\/tienda\/wp-json\/wp\/v2\/media\/732"}],"wp:attachment":[{"href":"https:\/\/aislayahorra.es\/tienda\/wp-json\/wp\/v2\/media?parent=731"}],"wp:term":[{"taxonomy":"product_brand","embeddable":true,"href":"https:\/\/aislayahorra.es\/tienda\/wp-json\/wp\/v2\/product_brand?post=731"},{"taxonomy":"product_cat","embeddable":true,"href":"https:\/\/aislayahorra.es\/tienda\/wp-json\/wp\/v2\/product_cat?post=731"},{"taxonomy":"product_tag","embeddable":true,"href":"https:\/\/aislayahorra.es\/tienda\/wp-json\/wp\/v2\/product_tag?post=731"}],"curies":[{"name":"wp","href":"https:\/\/api.w.org\/{rel}","templated":true}]}}