{"id":763,"date":"2021-01-20T15:07:37","date_gmt":"2021-01-20T13:07:37","guid":{"rendered":"https:\/\/test.aislayahorra.es\/tienda\/?post_type=product&#038;p=763"},"modified":"2025-10-12T13:09:14","modified_gmt":"2025-10-12T11:09:14","slug":"set-de-balones-hinchables-para-sellar-conductos","status":"publish","type":"product","link":"https:\/\/aislayahorra.es\/tienda\/shop\/set-de-balones-hinchables-para-sellar-conductos\/","title":{"rendered":"Set de balones hinchables para sellar conductos"},"content":{"rendered":"\t\t<div data-elementor-type=\"product-post\" data-elementor-id=\"763\" class=\"elementor elementor-763\" data-elementor-post-type=\"product\">\n\t\t\t\t\t\t<section class=\"elementor-section elementor-top-section elementor-element elementor-element-28a5d36 elementor-section-boxed elementor-section-height-default elementor-section-height-default\" data-id=\"28a5d36\" data-element_type=\"section\" data-e-type=\"section\">\n\t\t\t\t\t\t<div class=\"elementor-container elementor-column-gap-default\">\n\t\t\t\t\t<div class=\"elementor-column elementor-col-100 elementor-top-column elementor-element elementor-element-e489e04\" data-id=\"e489e04\" data-element_type=\"column\" data-e-type=\"column\">\n\t\t\t<div class=\"elementor-widget-wrap elementor-element-populated\">\n\t\t\t\t\t\t<div class=\"elementor-element elementor-element-efcc11a elementor-widget elementor-widget-text-editor\" data-id=\"efcc11a\" data-element_type=\"widget\" data-e-type=\"widget\" data-widget_type=\"text-editor.default\">\n\t\t\t\t<div class=\"elementor-widget-container\">\n\t\t\t\t\t\t\t\t\t<p><strong>Informaci\u00f3n sobre el producto \u00abBalones estanqueidad\u00bb<\/strong><\/p><p>15 balones de di\u00e1metro de 9 a 24 cm, 1 bomba manual de aire, 1 extensi\u00f3n de tubo , 4 agujas de relleno o evacuaci\u00f3n.<\/p>\t\t\t\t\t\t\t\t<\/div>\n\t\t\t\t<\/div>\n\t\t\t\t\t<\/div>\n\t\t<\/div>\n\t\t\t\t\t<\/div>\n\t\t<\/section>\n\t\t\t\t<\/div>\n\t\t","protected":false},"excerpt":{"rendered":"<p><strong>Informaci\u00f3n sobre el producto \u00abBalones estanqueidad\u00bb<\/strong><\/p>\n<p>15 balones de di\u00e1metro de 9 a 24 cm, 1 bomba manual de aire, 1 extensi\u00f3n de tubo , 4 agujas de relleno o evacuaci\u00f3n<\/p>\n","protected":false},"featured_media":764,"comment_status":"open","ping_status":"closed","template":"","meta":[],"product_brand":[],"product_cat":[23],"product_tag":[],"class_list":{"0":"post-763","1":"product","2":"type-product","3":"status-publish","4":"has-post-thumbnail","6":"product_cat-blower-door","7":"product_shipping_class-producto-tipo-7","9":"first","10":"instock","11":"shipping-taxable","12":"purchasable","13":"product-type-simple"},"yoast_head":"<!-- This site is optimized with the Yoast SEO plugin v26.8 - https:\/\/yoast.com\/product\/yoast-seo-wordpress\/ -->\n<title>Set de balones hinchables para sellar conductos para ensayo Blower Door<\/title>\n<meta name=\"description\" content=\"Con el set de balones hinchables para sellar conductos se pueden obturar los conductos de ventilaci\u00f3n o aire climatizado de forma r\u00e1pida.\" \/>\n<meta name=\"robots\" content=\"index, follow, max-snippet:-1, max-image-preview:large, max-video-preview:-1\" \/>\n<link rel=\"canonical\" href=\"https:\/\/aislayahorra.es\/tienda\/shop\/set-de-balones-hinchables-para-sellar-conductos\/\" \/>\n<meta property=\"og:locale\" content=\"es_ES\" \/>\n<meta property=\"og:type\" content=\"article\" \/>\n<meta property=\"og:title\" content=\"Set de balones hinchables para sellar conductos para ensayo Blower Door\" \/>\n<meta property=\"og:description\" content=\"Con el set de balones hinchables para sellar conductos se pueden obturar los conductos de ventilaci\u00f3n o aire climatizado de forma r\u00e1pida.\" \/>\n<meta property=\"og:url\" content=\"https:\/\/aislayahorra.es\/tienda\/shop\/set-de-balones-hinchables-para-sellar-conductos\/\" \/>\n<meta property=\"article:modified_time\" content=\"2025-10-12T11:09:14+00:00\" \/>\n<meta property=\"og:image\" content=\"https:\/\/aislayahorra.es\/tienda\/wp-content\/uploads\/2021\/01\/24-set-estanqueidad.jpg\" \/>\n\t<meta property=\"og:image:width\" content=\"1294\" \/>\n\t<meta property=\"og:image:height\" content=\"1294\" \/>\n\t<meta property=\"og:image:type\" content=\"image\/jpeg\" \/>\n<meta name=\"twitter:card\" content=\"summary_large_image\" \/>\n<script type=\"application\/ld+json\" class=\"yoast-schema-graph\">{\"@context\":\"https:\/\/schema.org\",\"@graph\":[{\"@type\":\"WebPage\",\"@id\":\"https:\/\/aislayahorra.es\/tienda\/shop\/set-de-balones-hinchables-para-sellar-conductos\/\",\"url\":\"https:\/\/aislayahorra.es\/tienda\/shop\/set-de-balones-hinchables-para-sellar-conductos\/\",\"name\":\"Set de balones hinchables para sellar conductos para ensayo Blower Door\",\"isPartOf\":{\"@id\":\"https:\/\/aislayahorra.es\/tienda\/#website\"},\"primaryImageOfPage\":{\"@id\":\"https:\/\/aislayahorra.es\/tienda\/shop\/set-de-balones-hinchables-para-sellar-conductos\/#primaryimage\"},\"image\":{\"@id\":\"https:\/\/aislayahorra.es\/tienda\/shop\/set-de-balones-hinchables-para-sellar-conductos\/#primaryimage\"},\"thumbnailUrl\":\"https:\/\/aislayahorra.es\/tienda\/wp-content\/uploads\/2021\/01\/24-set-estanqueidad.jpg\",\"datePublished\":\"2021-01-20T13:07:37+00:00\",\"dateModified\":\"2025-10-12T11:09:14+00:00\",\"description\":\"Con el set de balones hinchables para sellar conductos se pueden obturar los conductos de ventilaci\u00f3n o aire climatizado de forma r\u00e1pida.\",\"breadcrumb\":{\"@id\":\"https:\/\/aislayahorra.es\/tienda\/shop\/set-de-balones-hinchables-para-sellar-conductos\/#breadcrumb\"},\"inLanguage\":\"es\",\"potentialAction\":[{\"@type\":\"ReadAction\",\"target\":[\"https:\/\/aislayahorra.es\/tienda\/shop\/set-de-balones-hinchables-para-sellar-conductos\/\"]}]},{\"@type\":\"ImageObject\",\"inLanguage\":\"es\",\"@id\":\"https:\/\/aislayahorra.es\/tienda\/shop\/set-de-balones-hinchables-para-sellar-conductos\/#primaryimage\",\"url\":\"https:\/\/aislayahorra.es\/tienda\/wp-content\/uploads\/2021\/01\/24-set-estanqueidad.jpg\",\"contentUrl\":\"https:\/\/aislayahorra.es\/tienda\/wp-content\/uploads\/2021\/01\/24-set-estanqueidad.jpg\",\"width\":1294,\"height\":1294,\"caption\":\"Set de balones hinchables\"},{\"@type\":\"BreadcrumbList\",\"@id\":\"https:\/\/aislayahorra.es\/tienda\/shop\/set-de-balones-hinchables-para-sellar-conductos\/#breadcrumb\",\"itemListElement\":[{\"@type\":\"ListItem\",\"position\":1,\"name\":\"Portada\",\"item\":\"https:\/\/aislayahorra.es\/tienda\/\"},{\"@type\":\"ListItem\",\"position\":2,\"name\":\"Shop\",\"item\":\"https:\/\/aislayahorra.es\/tienda\/\"},{\"@type\":\"ListItem\",\"position\":3,\"name\":\"Set de balones hinchables para sellar conductos\"}]},{\"@type\":\"WebSite\",\"@id\":\"https:\/\/aislayahorra.es\/tienda\/#website\",\"url\":\"https:\/\/aislayahorra.es\/tienda\/\",\"name\":\"\",\"description\":\"\",\"potentialAction\":[{\"@type\":\"SearchAction\",\"target\":{\"@type\":\"EntryPoint\",\"urlTemplate\":\"https:\/\/aislayahorra.es\/tienda\/?s={search_term_string}\"},\"query-input\":{\"@type\":\"PropertyValueSpecification\",\"valueRequired\":true,\"valueName\":\"search_term_string\"}}],\"inLanguage\":\"es\"}]}<\/script>\n<!-- \/ Yoast SEO plugin. -->","yoast_head_json":{"title":"Set de balones hinchables para sellar conductos para ensayo Blower Door","description":"Con el set de balones hinchables para sellar conductos se pueden obturar los conductos de ventilaci\u00f3n o aire climatizado de forma r\u00e1pida.","robots":{"index":"index","follow":"follow","max-snippet":"max-snippet:-1","max-image-preview":"max-image-preview:large","max-video-preview":"max-video-preview:-1"},"canonical":"https:\/\/aislayahorra.es\/tienda\/shop\/set-de-balones-hinchables-para-sellar-conductos\/","og_locale":"es_ES","og_type":"article","og_title":"Set de balones hinchables para sellar conductos para ensayo Blower Door","og_description":"Con el set de balones hinchables para sellar conductos se pueden obturar los conductos de ventilaci\u00f3n o aire climatizado de forma r\u00e1pida.","og_url":"https:\/\/aislayahorra.es\/tienda\/shop\/set-de-balones-hinchables-para-sellar-conductos\/","article_modified_time":"2025-10-12T11:09:14+00:00","og_image":[{"width":1294,"height":1294,"url":"https:\/\/aislayahorra.es\/tienda\/wp-content\/uploads\/2021\/01\/24-set-estanqueidad.jpg","type":"image\/jpeg"}],"twitter_card":"summary_large_image","schema":{"@context":"https:\/\/schema.org","@graph":[{"@type":"WebPage","@id":"https:\/\/aislayahorra.es\/tienda\/shop\/set-de-balones-hinchables-para-sellar-conductos\/","url":"https:\/\/aislayahorra.es\/tienda\/shop\/set-de-balones-hinchables-para-sellar-conductos\/","name":"Set de balones hinchables para sellar conductos para ensayo Blower Door","isPartOf":{"@id":"https:\/\/aislayahorra.es\/tienda\/#website"},"primaryImageOfPage":{"@id":"https:\/\/aislayahorra.es\/tienda\/shop\/set-de-balones-hinchables-para-sellar-conductos\/#primaryimage"},"image":{"@id":"https:\/\/aislayahorra.es\/tienda\/shop\/set-de-balones-hinchables-para-sellar-conductos\/#primaryimage"},"thumbnailUrl":"https:\/\/aislayahorra.es\/tienda\/wp-content\/uploads\/2021\/01\/24-set-estanqueidad.jpg","datePublished":"2021-01-20T13:07:37+00:00","dateModified":"2025-10-12T11:09:14+00:00","description":"Con el set de balones hinchables para sellar conductos se pueden obturar los conductos de ventilaci\u00f3n o aire climatizado de forma r\u00e1pida.","breadcrumb":{"@id":"https:\/\/aislayahorra.es\/tienda\/shop\/set-de-balones-hinchables-para-sellar-conductos\/#breadcrumb"},"inLanguage":"es","potentialAction":[{"@type":"ReadAction","target":["https:\/\/aislayahorra.es\/tienda\/shop\/set-de-balones-hinchables-para-sellar-conductos\/"]}]},{"@type":"ImageObject","inLanguage":"es","@id":"https:\/\/aislayahorra.es\/tienda\/shop\/set-de-balones-hinchables-para-sellar-conductos\/#primaryimage","url":"https:\/\/aislayahorra.es\/tienda\/wp-content\/uploads\/2021\/01\/24-set-estanqueidad.jpg","contentUrl":"https:\/\/aislayahorra.es\/tienda\/wp-content\/uploads\/2021\/01\/24-set-estanqueidad.jpg","width":1294,"height":1294,"caption":"Set de balones hinchables"},{"@type":"BreadcrumbList","@id":"https:\/\/aislayahorra.es\/tienda\/shop\/set-de-balones-hinchables-para-sellar-conductos\/#breadcrumb","itemListElement":[{"@type":"ListItem","position":1,"name":"Portada","item":"https:\/\/aislayahorra.es\/tienda\/"},{"@type":"ListItem","position":2,"name":"Shop","item":"https:\/\/aislayahorra.es\/tienda\/"},{"@type":"ListItem","position":3,"name":"Set de balones hinchables para sellar conductos"}]},{"@type":"WebSite","@id":"https:\/\/aislayahorra.es\/tienda\/#website","url":"https:\/\/aislayahorra.es\/tienda\/","name":"","description":"","potentialAction":[{"@type":"SearchAction","target":{"@type":"EntryPoint","urlTemplate":"https:\/\/aislayahorra.es\/tienda\/?s={search_term_string}"},"query-input":{"@type":"PropertyValueSpecification","valueRequired":true,"valueName":"search_term_string"}}],"inLanguage":"es"}]}},"_links":{"self":[{"href":"https:\/\/aislayahorra.es\/tienda\/wp-json\/wp\/v2\/product\/763","targetHints":{"allow":["GET"]}}],"collection":[{"href":"https:\/\/aislayahorra.es\/tienda\/wp-json\/wp\/v2\/product"}],"about":[{"href":"https:\/\/aislayahorra.es\/tienda\/wp-json\/wp\/v2\/types\/product"}],"replies":[{"embeddable":true,"href":"https:\/\/aislayahorra.es\/tienda\/wp-json\/wp\/v2\/comments?post=763"}],"version-history":[{"count":1,"href":"https:\/\/aislayahorra.es\/tienda\/wp-json\/wp\/v2\/product\/763\/revisions"}],"predecessor-version":[{"id":1975,"href":"https:\/\/aislayahorra.es\/tienda\/wp-json\/wp\/v2\/product\/763\/revisions\/1975"}],"wp:featuredmedia":[{"embeddable":true,"href":"https:\/\/aislayahorra.es\/tienda\/wp-json\/wp\/v2\/media\/764"}],"wp:attachment":[{"href":"https:\/\/aislayahorra.es\/tienda\/wp-json\/wp\/v2\/media?parent=763"}],"wp:term":[{"taxonomy":"product_brand","embeddable":true,"href":"https:\/\/aislayahorra.es\/tienda\/wp-json\/wp\/v2\/product_brand?post=763"},{"taxonomy":"product_cat","embeddable":true,"href":"https:\/\/aislayahorra.es\/tienda\/wp-json\/wp\/v2\/product_cat?post=763"},{"taxonomy":"product_tag","embeddable":true,"href":"https:\/\/aislayahorra.es\/tienda\/wp-json\/wp\/v2\/product_tag?post=763"}],"curies":[{"name":"wp","href":"https:\/\/api.w.org\/{rel}","templated":true}]}}